{"id":864,"date":"2023-09-04T15:56:24","date_gmt":"2023-09-04T13:56:24","guid":{"rendered":"https:\/\/cinemaqueer.se\/cq23\/?post_type=portfolio_page&#038;p=864"},"modified":"2023-09-28T17:25:14","modified_gmt":"2023-09-28T15:25:14","slug":"i-love-you-more","status":"publish","type":"portfolio_page","link":"https:\/\/cinemaqueer.se\/cq23\/portfolio_page\/i-love-you-more\/","title":{"rendered":"I Love You More"},"content":{"rendered":"<div class=\"wpb-content-wrapper\"><p>[vc_row css_animation=&#8221;&#8221; row_type=&#8221;row&#8221; use_row_as_full_screen_section=&#8221;no&#8221; type=&#8221;full_width&#8221; angled_section=&#8221;no&#8221; text_align=&#8221;left&#8221; background_image_as_pattern=&#8221;without_pattern&#8221;][vc_column width=&#8221;1\/2&#8243;][vc_column_text]<\/p>\n<h2><span style=\"font-weight: 400;\">I love you more<br \/>\n<\/span><\/h2>\n<p><strong>Erblin Nushi \/ Kosovo, Albanien \/ 2023 \/ 93 min \/ engelska undertexter<\/strong><\/p>\n<p><strong><b>S\u00f6ndag 4 oktober kl 17.00, Gasverket, Torsgatan 22<br \/>\n<\/b><\/strong><\/p>\n<p>Ben \u00e4r en blyg ton\u00e5ring i Kosovo. Efter ett \u00e5r av att ha pratat online med Leo, ska han \u00e4ntligen f\u00e5 tr\u00e4ffa sin f\u00f6rsta (men hemliga) k\u00e4rlek. Ben f\u00f6rs\u00f6ker v\u00e4va ihop sina planer och vita l\u00f6gner f\u00f6r att f\u00e5 till sitt tr\u00e4ff med Leo som ska komma fr\u00e5n Tyskland och h\u00e4lsa p\u00e5. Allt m\u00e5ste bli perfekt. Pl\u00f6tsligt \u00f6verraskar hans mamma honom och familjen med en livsf\u00f6r\u00e4ndrande m\u00f6jlighet, men han kan inte ta den \u00e4n. Han m\u00e5ste tr\u00e4ffa Leo.[\/vc_column_text][vc_empty_space][vc_row_inner row_type=&#8221;row&#8221; type=&#8221;full_width&#8221; text_align=&#8221;left&#8221; css_animation=&#8221;&#8221;][vc_column_inner width=&#8221;1\/2&#8243;]<a  itemprop=\"url\" href=\"https:\/\/kulturbiljetter.se\/varukorg\/6535\/30450\/i-love-you-more\/\" target=\"_blank\"  class=\"qbutton  big_large_full_width default\" style=\"\">K\u00d6P BILJETT<\/a>[\/vc_column_inner][vc_column_inner width=&#8221;1\/2&#8243;]<a  itemprop=\"url\" href=\"https:\/\/kulturbiljetter.se\/varukorg\/6560\/cinema-queer-festivalpass-2-8-okt-2023\/\" target=\"_blank\"  class=\"qbutton  big_large_full_width default\" style=\"\">K\u00d6P FESTIVALPASS<\/a>[\/vc_column_inner][\/vc_row_inner][vc_empty_space height=&#8221;12px&#8221;][\/vc_column][vc_column width=&#8221;1\/2&#8243;][vc_single_image image=&#8221;868&#8243; img_size=&#8221;full&#8221; qode_css_animation=&#8221;&#8221;][vc_empty_space height=&#8221;12px&#8221;][vc_single_image image=&#8221;867&#8243; img_size=&#8221;full&#8221; qode_css_animation=&#8221;&#8221;][vc_empty_space height=&#8221;12px&#8221;][vc_single_image image=&#8221;866&#8243; img_size=&#8221;full&#8221; qode_css_animation=&#8221;&#8221;][vc_empty_space height=&#8221;12px&#8221;][vc_video link=&#8221;https:\/\/www.youtube.com\/watch?v=pyV-zGNiJ2o&amp;t=1s&#8221;][vc_empty_space height=&#8221;12px&#8221;][\/vc_column][\/vc_row]<\/p>\n<\/div>","protected":false},"excerpt":{"rendered":"<p>[vc_row css_animation=&#8221;&#8221; row_type=&#8221;row&#8221; use_row_as_full_screen_section=&#8221;no&#8221; type=&#8221;full_width&#8221; angled_section=&#8221;no&#8221; text_align=&#8221;left&#8221; background_image_as_pattern=&#8221;without_pattern&#8221;][vc_column width=&#8221;1\/2&#8243;][vc_column_text] I love you more Erblin Nushi \/ Kosovo, Albanien \/ 2023 \/ 93 min \/ engelska undertexter S\u00f6ndag 4 oktober kl 17.00, Gasverket, Torsgatan 22 Ben \u00e4r en blyg ton\u00e5ring i Kosovo. Efter ett \u00e5r av&#8230;<\/p>\n","protected":false},"author":2,"featured_media":868,"menu_order":0,"comment_status":"closed","ping_status":"closed","template":"","portfolio_category":[5],"portfolio_tag":[],"class_list":["post-864","portfolio_page","type-portfolio_page","status-publish","has-post-thumbnail","hentry","portfolio_category-langfilmer"],"_links":{"self":[{"href":"https:\/\/cinemaqueer.se\/cq23\/wp-json\/wp\/v2\/portfolio_page\/864","targetHints":{"allow":["GET"]}}],"collection":[{"href":"https:\/\/cinemaqueer.se\/cq23\/wp-json\/wp\/v2\/portfolio_page"}],"about":[{"href":"https:\/\/cinemaqueer.se\/cq23\/wp-json\/wp\/v2\/types\/portfolio_page"}],"author":[{"embeddable":true,"href":"https:\/\/cinemaqueer.se\/cq23\/wp-json\/wp\/v2\/users\/2"}],"replies":[{"embeddable":true,"href":"https:\/\/cinemaqueer.se\/cq23\/wp-json\/wp\/v2\/comments?post=864"}],"wp:featuredmedia":[{"embeddable":true,"href":"https:\/\/cinemaqueer.se\/cq23\/wp-json\/wp\/v2\/media\/868"}],"wp:attachment":[{"href":"https:\/\/cinemaqueer.se\/cq23\/wp-json\/wp\/v2\/media?parent=864"}],"wp:term":[{"taxonomy":"portfolio_category","embeddable":true,"href":"https:\/\/cinemaqueer.se\/cq23\/wp-json\/wp\/v2\/portfolio_category?post=864"},{"taxonomy":"portfolio_tag","embeddable":true,"href":"https:\/\/cinemaqueer.se\/cq23\/wp-json\/wp\/v2\/portfolio_tag?post=864"}],"curies":[{"name":"wp","href":"https:\/\/api.w.org\/{rel}","templated":true}]}}

<div class="wpb-content-wrapper"><p>[vc_row css_animation=&#8221;&#8221; row_type=&#8221;row&#8221; use_row_as_full_screen_section=&#8221;no&#8221; type=&#8221;full_width&#8221; angled_section=&#8221;no&#8221; text_align=&#8221;left&#8221; background_image_as_pattern=&#8221;without_pattern&#8221;][vc_column width=&#8221;1/2&#8243;][vc_column_text]</p>
<h2><span style="font-weight: 400;">I love you more<br />
</span></h2>
<p><strong>Erblin Nushi / Kosovo, Albanien / 2023 / 93 min / engelska undertexter</strong></p>
<p><strong><b>Söndag 4 oktober kl 17.00, Gasverket, Torsgatan 22<br />
</b></strong></p>
<p>Ben är en blyg tonåring i Kosovo. Efter ett år av att ha pratat online med Leo, ska han äntligen få träffa sin första (men hemliga) kärlek. Ben försöker väva ihop sina planer och vita lögner för att få till sitt träff med Leo som ska komma från Tyskland och hälsa på. Allt måste bli perfekt. Plötsligt överraskar hans mamma honom och familjen med en livsförändrande möjlighet, men han kan inte ta den än. Han måste träffa Leo.[/vc_column_text][vc_empty_space][vc_row_inner row_type=&#8221;row&#8221; type=&#8221;full_width&#8221; text_align=&#8221;left&#8221; css_animation=&#8221;&#8221;][vc_column_inner width=&#8221;1/2&#8243;]<a  itemprop="url" href="https://kulturbiljetter.se/varukorg/6535/30450/i-love-you-more/" target="_blank"  class="qbutton  big_large_full_width default" style="">KÖP BILJETT</a>[/vc_column_inner][vc_column_inner width=&#8221;1/2&#8243;]<a  itemprop="url" href="https://kulturbiljetter.se/varukorg/6560/cinema-queer-festivalpass-2-8-okt-2023/" target="_blank"  class="qbutton  big_large_full_width default" style="">KÖP FESTIVALPASS</a>[/vc_column_inner][/vc_row_inner][vc_empty_space height=&#8221;12px&#8221;][/vc_column][vc_column width=&#8221;1/2&#8243;][vc_single_image image=&#8221;868&#8243; img_size=&#8221;full&#8221; qode_css_animation=&#8221;&#8221;][vc_empty_space height=&#8221;12px&#8221;][vc_single_image image=&#8221;867&#8243; img_size=&#8221;full&#8221; qode_css_animation=&#8221;&#8221;][vc_empty_space height=&#8221;12px&#8221;][vc_single_image image=&#8221;866&#8243; img_size=&#8221;full&#8221; qode_css_animation=&#8221;&#8221;][vc_empty_space height=&#8221;12px&#8221;][vc_video link=&#8221;https://www.youtube.com/watch?v=pyV-zGNiJ2o&amp;t=1s&#8221;][vc_empty_space height=&#8221;12px&#8221;][/vc_column][/vc_row]</p>
</div>

<p>[vc_row css_animation=&#8221;&#8221; row_type=&#8221;row&#8221; use_row_as_full_screen_section=&#8221;no&#8221; type=&#8221;full_width&#8221; angled_section=&#8221;no&#8221; text_align=&#8221;left&#8221; background_image_as_pattern=&#8221;without_pattern&#8221;][vc_column width=&#8221;1/2&#8243;][vc_column_text] I love you more Erblin Nushi / Kosovo, Albanien / 2023 / 93 min / engelska undertexter Söndag 4 oktober kl 17.00, Gasverket, Torsgatan 22 Ben är en blyg tonåring i Kosovo. Efter ett år av&#8230;</p>
