{"id":922,"date":"2023-09-04T20:14:10","date_gmt":"2023-09-04T18:14:10","guid":{"rendered":"https:\/\/cinemaqueer.se\/cq23\/?post_type=portfolio_page&#038;p=922"},"modified":"2023-09-04T20:16:17","modified_gmt":"2023-09-04T18:16:17","slug":"kallamiglucia","status":"publish","type":"portfolio_page","link":"https:\/\/cinemaqueer.se\/cq23\/portfolio_page\/kallamiglucia\/","title":{"rendered":"Kalla mig Lucia"},"content":{"rendered":"<div class=\"wpb-content-wrapper\"><p>[vc_row css_animation=&#8221;&#8221; row_type=&#8221;row&#8221; use_row_as_full_screen_section=&#8221;no&#8221; type=&#8221;full_width&#8221; angled_section=&#8221;no&#8221; text_align=&#8221;left&#8221; background_image_as_pattern=&#8221;without_pattern&#8221;][vc_column width=&#8221;1\/2&#8243;][vc_column_text]<\/p>\n<h2><span style=\"font-weight: 400;\">Kalla mig Lucia<br \/>\n<\/span><\/h2>\n<p><strong>Estibaliz Urresola Solaguren \/ Spanien \/ 2023 \/ 125 min \/ Spanska, svensk text<\/strong><\/p>\n<p><strong><b>Tor 5 oktober kl 18.00, Aspen Bio, H\u00e4gerstensv\u00e4gen 100A<br \/>\n<\/b><\/strong><\/p>\n<p>Alla har med sig n\u00e5got i bagaget n\u00e4r familjen samlas f\u00f6r att tillbringa sommaren tillsammans p\u00e5 den baskiska landsbygden. Komplicerade f\u00f6r\u00e4ldrarelationer, ouppklarade konflikter, delade meningar om barnuppfostran och en f\u00f6rest\u00e5ende skilsm\u00e4ssa. \u00c5tta\u00e5riga Aitor som alla tror \u00e4r en pojke, \u00e4r sj\u00e4lv helt s\u00e4ker p\u00e5 att det inte st\u00e4mmer. Ingen lyssnar utom den t\u00e5lmodiga och f\u00f6rst\u00e5ende gammelmostern Lourdes som uppmuntrar Aitor att ge sig sj\u00e4lv ett namn som passar b\u00e4ttre. Precis som det finns \u00f6ver 20 000 arter av bin, finns det o\u00e4ndligt m\u00e5nga s\u00e4tt att vara m\u00e4nniska.[\/vc_column_text][vc_empty_space][vc_row_inner row_type=&#8221;row&#8221; type=&#8221;full_width&#8221; text_align=&#8221;left&#8221; css_animation=&#8221;&#8221;][vc_column_inner width=&#8221;1\/2&#8243;]<a  itemprop=\"url\" href=\"https:\/\/kulturbiljetter.se\/varukorg\/6538\/30453\/kalla-mig-lucia\/\" target=\"_blank\"  class=\"qbutton  big_large_full_width default\" style=\"\">BILJETT<\/a>[\/vc_column_inner][vc_column_inner width=&#8221;1\/2&#8243;]<a  itemprop=\"url\" href=\"https:\/\/kulturbiljetter.se\/varukorg\/6560\/cinema-queer-festivalpass-2-8-okt-2023\/\" target=\"_blank\"  class=\"qbutton  big_large_full_width default\" style=\"\">K\u00d6P FESTIVALPASS<\/a>[\/vc_column_inner][\/vc_row_inner][vc_empty_space height=&#8221;12px&#8221;][\/vc_column][vc_column width=&#8221;1\/2&#8243;][vc_single_image image=&#8221;923&#8243; img_size=&#8221;full&#8221; qode_css_animation=&#8221;&#8221;][vc_empty_space height=&#8221;12px&#8221;][vc_single_image image=&#8221;924&#8243; img_size=&#8221;full&#8221; qode_css_animation=&#8221;&#8221;][vc_empty_space height=&#8221;12px&#8221;][vc_single_image image=&#8221;925&#8243; img_size=&#8221;full&#8221; qode_css_animation=&#8221;&#8221;][vc_empty_space height=&#8221;12px&#8221;][vc_video link=&#8221;https:\/\/www.youtube.com\/watch?v=F7o7KSA1jeM&#8221;][vc_empty_space height=&#8221;12px&#8221;][\/vc_column][\/vc_row]<\/p>\n<\/div>","protected":false},"excerpt":{"rendered":"<p>[vc_row css_animation=&#8221;&#8221; row_type=&#8221;row&#8221; use_row_as_full_screen_section=&#8221;no&#8221; type=&#8221;full_width&#8221; angled_section=&#8221;no&#8221; text_align=&#8221;left&#8221; background_image_as_pattern=&#8221;without_pattern&#8221;][vc_column width=&#8221;1\/2&#8243;][vc_column_text] Kalla mig Lucia Estibaliz Urresola Solaguren \/ Spanien \/ 2023 \/ 125 min \/ Spanska, svensk text Tor 5 oktober kl 18.00, Aspen Bio, H\u00e4gerstensv\u00e4gen 100A Alla har med sig n\u00e5got i bagaget n\u00e4r familjen samlas&#8230;<\/p>\n","protected":false},"author":2,"featured_media":924,"menu_order":0,"comment_status":"closed","ping_status":"closed","template":"","portfolio_category":[5],"portfolio_tag":[],"class_list":["post-922","portfolio_page","type-portfolio_page","status-publish","has-post-thumbnail","hentry","portfolio_category-langfilmer"],"_links":{"self":[{"href":"https:\/\/cinemaqueer.se\/cq23\/wp-json\/wp\/v2\/portfolio_page\/922","targetHints":{"allow":["GET"]}}],"collection":[{"href":"https:\/\/cinemaqueer.se\/cq23\/wp-json\/wp\/v2\/portfolio_page"}],"about":[{"href":"https:\/\/cinemaqueer.se\/cq23\/wp-json\/wp\/v2\/types\/portfolio_page"}],"author":[{"embeddable":true,"href":"https:\/\/cinemaqueer.se\/cq23\/wp-json\/wp\/v2\/users\/2"}],"replies":[{"embeddable":true,"href":"https:\/\/cinemaqueer.se\/cq23\/wp-json\/wp\/v2\/comments?post=922"}],"wp:featuredmedia":[{"embeddable":true,"href":"https:\/\/cinemaqueer.se\/cq23\/wp-json\/wp\/v2\/media\/924"}],"wp:attachment":[{"href":"https:\/\/cinemaqueer.se\/cq23\/wp-json\/wp\/v2\/media?parent=922"}],"wp:term":[{"taxonomy":"portfolio_category","embeddable":true,"href":"https:\/\/cinemaqueer.se\/cq23\/wp-json\/wp\/v2\/portfolio_category?post=922"},{"taxonomy":"portfolio_tag","embeddable":true,"href":"https:\/\/cinemaqueer.se\/cq23\/wp-json\/wp\/v2\/portfolio_tag?post=922"}],"curies":[{"name":"wp","href":"https:\/\/api.w.org\/{rel}","templated":true}]}}

<div class="wpb-content-wrapper"><p>[vc_row css_animation=&#8221;&#8221; row_type=&#8221;row&#8221; use_row_as_full_screen_section=&#8221;no&#8221; type=&#8221;full_width&#8221; angled_section=&#8221;no&#8221; text_align=&#8221;left&#8221; background_image_as_pattern=&#8221;without_pattern&#8221;][vc_column width=&#8221;1/2&#8243;][vc_column_text]</p>
<h2><span style="font-weight: 400;">Kalla mig Lucia<br />
</span></h2>
<p><strong>Estibaliz Urresola Solaguren / Spanien / 2023 / 125 min / Spanska, svensk text</strong></p>
<p><strong><b>Tor 5 oktober kl 18.00, Aspen Bio, Hägerstensvägen 100A<br />
</b></strong></p>
<p>Alla har med sig något i bagaget när familjen samlas för att tillbringa sommaren tillsammans på den baskiska landsbygden. Komplicerade föräldrarelationer, ouppklarade konflikter, delade meningar om barnuppfostran och en förestående skilsmässa. Åttaåriga Aitor som alla tror är en pojke, är själv helt säker på att det inte stämmer. Ingen lyssnar utom den tålmodiga och förstående gammelmostern Lourdes som uppmuntrar Aitor att ge sig själv ett namn som passar bättre. Precis som det finns över 20 000 arter av bin, finns det oändligt många sätt att vara människa.[/vc_column_text][vc_empty_space][vc_row_inner row_type=&#8221;row&#8221; type=&#8221;full_width&#8221; text_align=&#8221;left&#8221; css_animation=&#8221;&#8221;][vc_column_inner width=&#8221;1/2&#8243;]<a  itemprop="url" href="https://kulturbiljetter.se/varukorg/6538/30453/kalla-mig-lucia/" target="_blank"  class="qbutton  big_large_full_width default" style="">BILJETT</a>[/vc_column_inner][vc_column_inner width=&#8221;1/2&#8243;]<a  itemprop="url" href="https://kulturbiljetter.se/varukorg/6560/cinema-queer-festivalpass-2-8-okt-2023/" target="_blank"  class="qbutton  big_large_full_width default" style="">KÖP FESTIVALPASS</a>[/vc_column_inner][/vc_row_inner][vc_empty_space height=&#8221;12px&#8221;][/vc_column][vc_column width=&#8221;1/2&#8243;][vc_single_image image=&#8221;923&#8243; img_size=&#8221;full&#8221; qode_css_animation=&#8221;&#8221;][vc_empty_space height=&#8221;12px&#8221;][vc_single_image image=&#8221;924&#8243; img_size=&#8221;full&#8221; qode_css_animation=&#8221;&#8221;][vc_empty_space height=&#8221;12px&#8221;][vc_single_image image=&#8221;925&#8243; img_size=&#8221;full&#8221; qode_css_animation=&#8221;&#8221;][vc_empty_space height=&#8221;12px&#8221;][vc_video link=&#8221;https://www.youtube.com/watch?v=F7o7KSA1jeM&#8221;][vc_empty_space height=&#8221;12px&#8221;][/vc_column][/vc_row]</p>
</div>

<p>[vc_row css_animation=&#8221;&#8221; row_type=&#8221;row&#8221; use_row_as_full_screen_section=&#8221;no&#8221; type=&#8221;full_width&#8221; angled_section=&#8221;no&#8221; text_align=&#8221;left&#8221; background_image_as_pattern=&#8221;without_pattern&#8221;][vc_column width=&#8221;1/2&#8243;][vc_column_text] Kalla mig Lucia Estibaliz Urresola Solaguren / Spanien / 2023 / 125 min / Spanska, svensk text Tor 5 oktober kl 18.00, Aspen Bio, Hägerstensvägen 100A Alla har med sig något i bagaget när familjen samlas&#8230;</p>
