{"id":952,"date":"2023-09-04T20:46:05","date_gmt":"2023-09-04T18:46:05","guid":{"rendered":"https:\/\/cinemaqueer.se\/cq23\/?post_type=portfolio_page&#038;p=952"},"modified":"2023-09-04T20:46:05","modified_gmt":"2023-09-04T18:46:05","slug":"fredy-clue-backadrakten-sveriges-forsta-ickebinara-folkdrakt","status":"publish","type":"portfolio_page","link":"https:\/\/cinemaqueer.se\/cq23\/portfolio_page\/fredy-clue-backadrakten-sveriges-forsta-ickebinara-folkdrakt\/","title":{"rendered":"Fredy Clue &#8211; B\u00e4ckadr\u00e4kten: Sveriges f\u00f6rsta ickebin\u00e4ra folkdr\u00e4kt"},"content":{"rendered":"<div class=\"wpb-content-wrapper\"><p>[vc_row css_animation=&#8221;&#8221; row_type=&#8221;row&#8221; use_row_as_full_screen_section=&#8221;no&#8221; type=&#8221;full_width&#8221; angled_section=&#8221;no&#8221; text_align=&#8221;left&#8221; background_image_as_pattern=&#8221;without_pattern&#8221;][vc_column width=&#8221;1\/2&#8243;][vc_column_text]<\/p>\n<h2>Fredy Clue &#8211; B\u00e4ckadr\u00e4kten: Sveriges f\u00f6rsta ickebin\u00e4ra folkdr\u00e4kt<\/h2>\n<p><strong>Torsdag 5 oktober, 21.00, Silon, \u00c5s\u00f6gatan 119, (v\u00e5ning 3) \u00a0 <\/strong><b><\/b><\/p>\n<p><span style=\"font-weight: 400;\">V\u00e4lkommen till en ber\u00e4ttande f\u00f6rest\u00e4llning om B\u00e4ckadr\u00e4kten &#8211; Sveriges f\u00f6rsta ickebin\u00e4ra folkdr\u00e4kt.<\/span><\/p>\n<p><span style=\"font-weight: 400;\">Att hantera queera fr\u00e5gor genom folkkultur B\u00e4ckadr\u00e4kten \u00e4r ett folkdr\u00e4ktsprojekt som sammanv\u00e4ver de manliga och kvinnliga idealen och normerna i den svenska folkdr\u00e4ktstraditionen i en ny typ av ickebin\u00e4r folkdr\u00e4kt.\u00a0 Bakom projektet st\u00e5r artisten Fredy Clue, med hj\u00e4lp av illustrat\u00f6ren och konstn\u00e4ren Ida Bj\u00f6rs samt en fokusgrupp best\u00e5ende av unga queer-personer. Nu presenteras ett sym\u00f6nster f\u00f6r att forts\u00e4tta utveckla hantverket och sprida ljus p\u00e5 det som \u00e4r bortom det bin\u00e4ra. Projektledaren Fredy Samuel Lundh ger en ber\u00e4ttande f\u00f6rel\u00e4sning om deras personliga resa genom projektet samt process, resultat och v\u00e4rdegrund. F\u00f6rel\u00e4sningen v\u00e4vs ihop med Fredy Clues egenskrivna musik fr\u00e5n debut-EPn <\/span><i><span style=\"font-weight: 400;\">Vill du leka? <\/span><\/i>[\/vc_column_text][vc_empty_space][vc_row_inner row_type=&#8221;row&#8221; type=&#8221;full_width&#8221; text_align=&#8221;left&#8221; css_animation=&#8221;&#8221;][vc_column_inner width=&#8221;1\/3&#8243;]<a  itemprop=\"url\" href=\"https:\/\/kulturbiljetter.se\/varukorg\/6541\/fredy-clue-b%C3%A4ckadr%C3%A4kten-sveriges-f%C3%B6rsta-ickebin%C3%A4ra-folkdr%C3%A4kt\/\" target=\"_blank\"  class=\"qbutton  big_large_full_width default\" style=\"\">BILJETT<\/a>[\/vc_column_inner][vc_column_inner width=&#8221;1\/3&#8243;]<a  itemprop=\"url\" href=\"https:\/\/kulturbiljetter.se\/varukorg\/6560\/cinema-queer-festivalpass-2-8-okt-2023\/\" target=\"_self\"  class=\"qbutton  big_large_full_width default\" style=\"\">FESTIVALPASS<\/a>[\/vc_column_inner][vc_column_inner width=&#8221;1\/3&#8243;]<a  itemprop=\"url\" href=\"https:\/\/kulturbiljetter.se\/varukorg\/6542\/silon-hela-kv%C3%A4llen\/\" target=\"_self\"  class=\"qbutton  big_large_full_width default\" style=\"\">HELKV\u00c4LL<\/a>[\/vc_column_inner][\/vc_row_inner][vc_empty_space height=&#8221;12px&#8221;][\/vc_column][vc_column width=&#8221;1\/2&#8243;][vc_single_image image=&#8221;938&#8243; img_size=&#8221;full&#8221; qode_css_animation=&#8221;&#8221;][vc_empty_space height=&#8221;12px&#8221;][\/vc_column][\/vc_row]<\/p>\n<\/div>","protected":false},"excerpt":{"rendered":"<p>[vc_row css_animation=&#8221;&#8221; row_type=&#8221;row&#8221; use_row_as_full_screen_section=&#8221;no&#8221; type=&#8221;full_width&#8221; angled_section=&#8221;no&#8221; text_align=&#8221;left&#8221; background_image_as_pattern=&#8221;without_pattern&#8221;][vc_column width=&#8221;1\/2&#8243;][vc_column_text] Fredy Clue &#8211; B\u00e4ckadr\u00e4kten: Sveriges f\u00f6rsta ickebin\u00e4ra folkdr\u00e4kt Torsdag 5 oktober, 21.00, Silon, \u00c5s\u00f6gatan 119, (v\u00e5ning 3) \u00a0 V\u00e4lkommen till en ber\u00e4ttande f\u00f6rest\u00e4llning om B\u00e4ckadr\u00e4kten &#8211; Sveriges f\u00f6rsta ickebin\u00e4ra folkdr\u00e4kt. Att hantera queera fr\u00e5gor genom folkkultur&#8230;<\/p>\n","protected":false},"author":2,"featured_media":938,"menu_order":0,"comment_status":"closed","ping_status":"closed","template":"","portfolio_category":[2],"portfolio_tag":[],"class_list":["post-952","portfolio_page","type-portfolio_page","status-publish","has-post-thumbnail","hentry","portfolio_category-akter"],"_links":{"self":[{"href":"https:\/\/cinemaqueer.se\/cq23\/wp-json\/wp\/v2\/portfolio_page\/952","targetHints":{"allow":["GET"]}}],"collection":[{"href":"https:\/\/cinemaqueer.se\/cq23\/wp-json\/wp\/v2\/portfolio_page"}],"about":[{"href":"https:\/\/cinemaqueer.se\/cq23\/wp-json\/wp\/v2\/types\/portfolio_page"}],"author":[{"embeddable":true,"href":"https:\/\/cinemaqueer.se\/cq23\/wp-json\/wp\/v2\/users\/2"}],"replies":[{"embeddable":true,"href":"https:\/\/cinemaqueer.se\/cq23\/wp-json\/wp\/v2\/comments?post=952"}],"wp:featuredmedia":[{"embeddable":true,"href":"https:\/\/cinemaqueer.se\/cq23\/wp-json\/wp\/v2\/media\/938"}],"wp:attachment":[{"href":"https:\/\/cinemaqueer.se\/cq23\/wp-json\/wp\/v2\/media?parent=952"}],"wp:term":[{"taxonomy":"portfolio_category","embeddable":true,"href":"https:\/\/cinemaqueer.se\/cq23\/wp-json\/wp\/v2\/portfolio_category?post=952"},{"taxonomy":"portfolio_tag","embeddable":true,"href":"https:\/\/cinemaqueer.se\/cq23\/wp-json\/wp\/v2\/portfolio_tag?post=952"}],"curies":[{"name":"wp","href":"https:\/\/api.w.org\/{rel}","templated":true}]}}

Fredy Clue &#8211; Bäckadräkten: Sveriges första ickebinära folkdräkt

<div class="wpb-content-wrapper"><p>[vc_row css_animation=&#8221;&#8221; row_type=&#8221;row&#8221; use_row_as_full_screen_section=&#8221;no&#8221; type=&#8221;full_width&#8221; angled_section=&#8221;no&#8221; text_align=&#8221;left&#8221; background_image_as_pattern=&#8221;without_pattern&#8221;][vc_column width=&#8221;1/2&#8243;][vc_column_text]</p>
<h2>Fredy Clue &#8211; Bäckadräkten: Sveriges första ickebinära folkdräkt</h2>
<p><strong>Torsdag 5 oktober, 21.00, Silon, Åsögatan 119, (våning 3)   </strong><b></b></p>
<p><span style="font-weight: 400;">Välkommen till en berättande föreställning om Bäckadräkten &#8211; Sveriges första ickebinära folkdräkt.</span></p>
<p><span style="font-weight: 400;">Att hantera queera frågor genom folkkultur Bäckadräkten är ett folkdräktsprojekt som sammanväver de manliga och kvinnliga idealen och normerna i den svenska folkdräktstraditionen i en ny typ av ickebinär folkdräkt.  Bakom projektet står artisten Fredy Clue, med hjälp av illustratören och konstnären Ida Björs samt en fokusgrupp bestående av unga queer-personer. Nu presenteras ett symönster för att fortsätta utveckla hantverket och sprida ljus på det som är bortom det binära. Projektledaren Fredy Samuel Lundh ger en berättande föreläsning om deras personliga resa genom projektet samt process, resultat och värdegrund. Föreläsningen vävs ihop med Fredy Clues egenskrivna musik från debut-EPn </span><i><span style="font-weight: 400;">Vill du leka? </span></i>[/vc_column_text][vc_empty_space][vc_row_inner row_type=&#8221;row&#8221; type=&#8221;full_width&#8221; text_align=&#8221;left&#8221; css_animation=&#8221;&#8221;][vc_column_inner width=&#8221;1/3&#8243;]<a  itemprop="url" href="https://kulturbiljetter.se/varukorg/6541/fredy-clue-b%C3%A4ckadr%C3%A4kten-sveriges-f%C3%B6rsta-ickebin%C3%A4ra-folkdr%C3%A4kt/" target="_blank"  class="qbutton  big_large_full_width default" style="">BILJETT</a>[/vc_column_inner][vc_column_inner width=&#8221;1/3&#8243;]<a  itemprop="url" href="https://kulturbiljetter.se/varukorg/6560/cinema-queer-festivalpass-2-8-okt-2023/" target="_self"  class="qbutton  big_large_full_width default" style="">FESTIVALPASS</a>[/vc_column_inner][vc_column_inner width=&#8221;1/3&#8243;]<a  itemprop="url" href="https://kulturbiljetter.se/varukorg/6542/silon-hela-kv%C3%A4llen/" target="_self"  class="qbutton  big_large_full_width default" style="">HELKVÄLL</a>[/vc_column_inner][/vc_row_inner][vc_empty_space height=&#8221;12px&#8221;][/vc_column][vc_column width=&#8221;1/2&#8243;][vc_single_image image=&#8221;938&#8243; img_size=&#8221;full&#8221; qode_css_animation=&#8221;&#8221;][vc_empty_space height=&#8221;12px&#8221;][/vc_column][/vc_row]</p>
</div>

<p>[vc_row css_animation=&#8221;&#8221; row_type=&#8221;row&#8221; use_row_as_full_screen_section=&#8221;no&#8221; type=&#8221;full_width&#8221; angled_section=&#8221;no&#8221; text_align=&#8221;left&#8221; background_image_as_pattern=&#8221;without_pattern&#8221;][vc_column width=&#8221;1/2&#8243;][vc_column_text] Fredy Clue &#8211; Bäckadräkten: Sveriges första ickebinära folkdräkt Torsdag 5 oktober, 21.00, Silon, Åsögatan 119, (våning 3)   Välkommen till en berättande föreställning om Bäckadräkten &#8211; Sveriges första ickebinära folkdräkt. Att hantera queera frågor genom folkkultur&#8230;</p>
