{"id":1388,"date":"2024-09-06T12:59:54","date_gmt":"2024-09-06T10:59:54","guid":{"rendered":"https:\/\/cinemaqueer.se\/cq24\/?post_type=portfolio_page&#038;p=1388"},"modified":"2024-09-09T13:57:15","modified_gmt":"2024-09-09T11:57:15","slug":"orlando-my-political-biography","status":"publish","type":"portfolio_page","link":"https:\/\/cinemaqueer.se\/cq24\/portfolio_page\/orlando-my-political-biography\/","title":{"rendered":"Orlando: My Political Biography"},"content":{"rendered":"<div class=\"wpb-content-wrapper\"><p>[vc_row css_animation=&#8221;&#8221; row_type=&#8221;row&#8221; use_row_as_full_screen_section=&#8221;no&#8221; type=&#8221;full_width&#8221; angled_section=&#8221;no&#8221; text_align=&#8221;left&#8221; background_image_as_pattern=&#8221;without_pattern&#8221; css=&#8221;.vc_custom_1724839493573{padding-top: 40px !important;padding-right: 40px !important;padding-bottom: 40px !important;padding-left: 40px !important;background-color: #dc3ca9 !important;}&#8221; z_index=&#8221;&#8221; padding_top=&#8221;100&#8243;][vc_column width=&#8221;1\/2&#8243;][vc_column_text css=&#8221;&#8221;]<\/p>\n<h2>Orlando: My Political Biography<\/h2>\n<p><strong>Paul B. Preciado \/ Frankrike \/ 2023 \/ 98 min \/ Engelska undertexter<br \/>\nTisdag 1 okt kl 20.00, Transtr\u00f6merbiblioteket<br \/>\n<\/strong><\/p>\n<p><span style=\"font-weight: 400;\">Paul B. Preciado har i denna film samlat 26 transpersoner i \u00e5ldrarna \u00e5tta till 70 \u00e5r f\u00f6r att diskutera vilket genomslag och p\u00e5verkan Virginia Woolfs klassiker fr\u00e5n 1928 har idag. Alla deltagande f\u00e5r tolka romanen och kliva in i rollen som Orlando, och bygga den utifr\u00e5n sin egen identitet och transition, n\u00e5got som f\u00f6rvandlar denna film till dels en delad biografi, dels ett socialt manifest. Orlando, My political Biography vann en Teddy Award f\u00f6r b\u00e4sta dokument\u00e4r och har hyllats p\u00e5 m\u00e5nga festivaler f\u00f6r sin dj\u00e4rvhet, kreativitet och humor.<\/span><\/p>\n<p><strong><em>Visningen \u00e4r gratis, men boka g\u00e4rna nedan.\u00a0<\/em><\/strong>[\/vc_column_text][vc_empty_space][vc_row_inner row_type=&#8221;row&#8221; type=&#8221;full_width&#8221; text_align=&#8221;left&#8221; css_animation=&#8221;&#8221;][vc_column_inner width=&#8221;1\/2&#8243;]<a  itemprop=\"url\" href=\"https:\/\/kulturbiljetter.se\/evenemang\/7364\/orlando-my-political-biography\/\" target=\"_blank\"  class=\"qbutton  big_large_full_width default\" style=\"\">BOKA<\/a>[\/vc_column_inner][vc_column_inner width=&#8221;1\/2&#8243;]<a  itemprop=\"url\" href=\"https:\/\/kulturbiljetter.se\/evenemang\/7387\/cinema-queer-festivalpass-30-sep-6-okt-2024\/\" target=\"_blank\"  class=\"qbutton  big_large_full_width default\" style=\"\">K\u00d6P FESTIVALPASS<\/a>[\/vc_column_inner][\/vc_row_inner][vc_empty_space height=&#8221;12px&#8221;][\/vc_column][vc_column width=&#8221;1\/2&#8243;][vc_single_image image=&#8221;1394&#8243; img_size=&#8221;full&#8221; css=&#8221;&#8221; qode_css_animation=&#8221;&#8221;][vc_empty_space height=&#8221;12px&#8221;][vc_single_image image=&#8221;1391&#8243; img_size=&#8221;full&#8221; css=&#8221;&#8221; qode_css_animation=&#8221;&#8221;][vc_empty_space height=&#8221;12px&#8221;][vc_single_image image=&#8221;1395&#8243; img_size=&#8221;full&#8221; css=&#8221;&#8221; qode_css_animation=&#8221;&#8221;][vc_empty_space height=&#8221;12px&#8221;][vc_video link=&#8221;https:\/\/www.youtube.com\/watch?v=LpGFplNRUmc&#8221; css=&#8221;&#8221;][vc_empty_space height=&#8221;12px&#8221;][\/vc_column][\/vc_row]<\/p>\n<\/div>","protected":false},"excerpt":{"rendered":"<p>[vc_row css_animation=&#8221;&#8221; row_type=&#8221;row&#8221; use_row_as_full_screen_section=&#8221;no&#8221; type=&#8221;full_width&#8221; angled_section=&#8221;no&#8221; text_align=&#8221;left&#8221; background_image_as_pattern=&#8221;without_pattern&#8221; css=&#8221;.vc_custom_1724839493573{padding-top: 40px !important;padding-right: 40px !important;padding-bottom: 40px !important;padding-left: 40px !important;background-color: #dc3ca9 !important;}&#8221; z_index=&#8221;&#8221; padding_top=&#8221;100&#8243;][vc_column width=&#8221;1\/2&#8243;][vc_column_text css=&#8221;&#8221;] Orlando: My Political Biography Paul B. Preciado \/ Frankrike \/ 2023 \/ 98 min \/ Engelska undertexter Tisdag 1 okt kl 20.00,&#8230;<\/p>\n","protected":false},"author":2,"featured_media":1394,"menu_order":0,"comment_status":"closed","ping_status":"closed","template":"","portfolio_category":[4],"portfolio_tag":[],"class_list":["post-1388","portfolio_page","type-portfolio_page","status-publish","has-post-thumbnail","hentry","portfolio_category-langfilmer"],"_links":{"self":[{"href":"https:\/\/cinemaqueer.se\/cq24\/wp-json\/wp\/v2\/portfolio_page\/1388","targetHints":{"allow":["GET"]}}],"collection":[{"href":"https:\/\/cinemaqueer.se\/cq24\/wp-json\/wp\/v2\/portfolio_page"}],"about":[{"href":"https:\/\/cinemaqueer.se\/cq24\/wp-json\/wp\/v2\/types\/portfolio_page"}],"author":[{"embeddable":true,"href":"https:\/\/cinemaqueer.se\/cq24\/wp-json\/wp\/v2\/users\/2"}],"replies":[{"embeddable":true,"href":"https:\/\/cinemaqueer.se\/cq24\/wp-json\/wp\/v2\/comments?post=1388"}],"wp:featuredmedia":[{"embeddable":true,"href":"https:\/\/cinemaqueer.se\/cq24\/wp-json\/wp\/v2\/media\/1394"}],"wp:attachment":[{"href":"https:\/\/cinemaqueer.se\/cq24\/wp-json\/wp\/v2\/media?parent=1388"}],"wp:term":[{"taxonomy":"portfolio_category","embeddable":true,"href":"https:\/\/cinemaqueer.se\/cq24\/wp-json\/wp\/v2\/portfolio_category?post=1388"},{"taxonomy":"portfolio_tag","embeddable":true,"href":"https:\/\/cinemaqueer.se\/cq24\/wp-json\/wp\/v2\/portfolio_tag?post=1388"}],"curies":[{"name":"wp","href":"https:\/\/api.w.org\/{rel}","templated":true}]}}

<div class="wpb-content-wrapper"><p>[vc_row css_animation=&#8221;&#8221; row_type=&#8221;row&#8221; use_row_as_full_screen_section=&#8221;no&#8221; type=&#8221;full_width&#8221; angled_section=&#8221;no&#8221; text_align=&#8221;left&#8221; background_image_as_pattern=&#8221;without_pattern&#8221; css=&#8221;.vc_custom_1724839493573{padding-top: 40px !important;padding-right: 40px !important;padding-bottom: 40px !important;padding-left: 40px !important;background-color: #dc3ca9 !important;}&#8221; z_index=&#8221;&#8221; padding_top=&#8221;100&#8243;][vc_column width=&#8221;1/2&#8243;][vc_column_text css=&#8221;&#8221;]</p>
<h2>Orlando: My Political Biography</h2>
<p><strong>Paul B. Preciado / Frankrike / 2023 / 98 min / Engelska undertexter<br />
Tisdag 1 okt kl 20.00, Tranströmerbiblioteket<br />
</strong></p>
<p><span style="font-weight: 400;">Paul B. Preciado har i denna film samlat 26 transpersoner i åldrarna åtta till 70 år för att diskutera vilket genomslag och påverkan Virginia Woolfs klassiker från 1928 har idag. Alla deltagande får tolka romanen och kliva in i rollen som Orlando, och bygga den utifrån sin egen identitet och transition, något som förvandlar denna film till dels en delad biografi, dels ett socialt manifest. Orlando, My political Biography vann en Teddy Award för bästa dokumentär och har hyllats på många festivaler för sin djärvhet, kreativitet och humor.</span></p>
<p><strong><em>Visningen är gratis, men boka gärna nedan. </em></strong>[/vc_column_text][vc_empty_space][vc_row_inner row_type=&#8221;row&#8221; type=&#8221;full_width&#8221; text_align=&#8221;left&#8221; css_animation=&#8221;&#8221;][vc_column_inner width=&#8221;1/2&#8243;]<a  itemprop="url" href="https://kulturbiljetter.se/evenemang/7364/orlando-my-political-biography/" target="_blank"  class="qbutton  big_large_full_width default" style="">BOKA</a>[/vc_column_inner][vc_column_inner width=&#8221;1/2&#8243;]<a  itemprop="url" href="https://kulturbiljetter.se/evenemang/7387/cinema-queer-festivalpass-30-sep-6-okt-2024/" target="_blank"  class="qbutton  big_large_full_width default" style="">KÖP FESTIVALPASS</a>[/vc_column_inner][/vc_row_inner][vc_empty_space height=&#8221;12px&#8221;][/vc_column][vc_column width=&#8221;1/2&#8243;][vc_single_image image=&#8221;1394&#8243; img_size=&#8221;full&#8221; css=&#8221;&#8221; qode_css_animation=&#8221;&#8221;][vc_empty_space height=&#8221;12px&#8221;][vc_single_image image=&#8221;1391&#8243; img_size=&#8221;full&#8221; css=&#8221;&#8221; qode_css_animation=&#8221;&#8221;][vc_empty_space height=&#8221;12px&#8221;][vc_single_image image=&#8221;1395&#8243; img_size=&#8221;full&#8221; css=&#8221;&#8221; qode_css_animation=&#8221;&#8221;][vc_empty_space height=&#8221;12px&#8221;][vc_video link=&#8221;https://www.youtube.com/watch?v=LpGFplNRUmc&#8221; css=&#8221;&#8221;][vc_empty_space height=&#8221;12px&#8221;][/vc_column][/vc_row]</p>
</div>
