{"id":1400,"date":"2024-09-06T13:10:27","date_gmt":"2024-09-06T11:10:27","guid":{"rendered":"https:\/\/cinemaqueer.se\/cq24\/?post_type=portfolio_page&#038;p=1400"},"modified":"2024-09-09T13:55:46","modified_gmt":"2024-09-09T11:55:46","slug":"light-light-light","status":"publish","type":"portfolio_page","link":"https:\/\/cinemaqueer.se\/cq24\/portfolio_page\/light-light-light\/","title":{"rendered":"Light, Light, Light"},"content":{"rendered":"<div class=\"wpb-content-wrapper\"><p>[vc_row css_animation=&#8221;&#8221; row_type=&#8221;row&#8221; use_row_as_full_screen_section=&#8221;no&#8221; type=&#8221;full_width&#8221; angled_section=&#8221;no&#8221; text_align=&#8221;left&#8221; background_image_as_pattern=&#8221;without_pattern&#8221; css=&#8221;.vc_custom_1724839493573{padding-top: 40px !important;padding-right: 40px !important;padding-bottom: 40px !important;padding-left: 40px !important;background-color: #dc3ca9 !important;}&#8221; z_index=&#8221;&#8221; padding_top=&#8221;100&#8243;][vc_column width=&#8221;1\/2&#8243;][vc_column_text css=&#8221;&#8221;]<\/p>\n<h2>Light, Light, Light<\/h2>\n<p><strong>Inari Niemi \/ Finland \/ 2023 \/ 91 min \/ Engelskt text<br \/>\nFredag 4 okt kl 19.30, Finlandsinstitutet<br \/>\n<\/strong><\/p>\n<p><span style=\"font-weight: 400;\">Det radioaktiva nedfallet regnar \u00f6ver Europa i ett f\u00e4rgsprakande, k\u00e4nslom\u00e4ssigt explosivt drama om tv\u00e5 ton\u00e5rstjejer som upplever sin f\u00f6rsta omv\u00e4lvande f\u00f6r\u00e4lskelse i 80-talets Finland.<\/span><\/p>\n<p>&nbsp;<\/p>\n<p><span style=\"font-weight: 400;\">V\u00e5ren 1986 exploderar k\u00e4rnkraftverket i Chernobyl och oron sprider sig \u00f6ver v\u00e4rlden. Samtidigt faller 15-\u00e5riga Mariia f\u00f6r Mimi, som nyss flyttat till den lilla byn i s\u00f6dra Finland. Tillsammans upplever de sin f\u00f6rsta himlastormande sommar av k\u00e4rlek. Men radions illavarslande meddelanden om olyckan i Sovjet tycks smitta av sig p\u00e5 deras \u00f6de. Och n\u00e4r Mariia 20 \u00e5r senare \u00e5terv\u00e4nder till hembyn st\u00e4lls hon ansikte mot ansikte med sina sm\u00e4rtsamma minnen fr\u00e5n den \u00f6desdigra sommaren i mitten av 80-talet. Den finska regiss\u00f6ren Inari Niemi skapar fink\u00e4nslig coming-of-age och navigerar skickligt mellan Mariias solskensdr\u00e4nkta ungdom och hennes nutid, d\u00e4r sorgen tycks ha svalt allt ljus.<\/span>[\/vc_column_text][vc_empty_space][vc_row_inner row_type=&#8221;row&#8221; type=&#8221;full_width&#8221; text_align=&#8221;left&#8221; css_animation=&#8221;&#8221;][vc_column_inner width=&#8221;1\/3&#8243;]<a  itemprop=\"url\" href=\"https:\/\/kulturbiljetter.se\/evenemang\/7351\/light-light-light\/\" target=\"_blank\"  class=\"qbutton  big_large_full_width default\" style=\"\">BILJETT<\/a>[\/vc_column_inner][vc_column_inner width=&#8221;1\/3&#8243;]<a  itemprop=\"url\" href=\"https:\/\/kulturbiljetter.se\/evenemang\/7387\/cinema-queer-festivalpass-30-sep-6-okt-2024\/\" target=\"_blank\"  class=\"qbutton  big_large_full_width default\" style=\"\">FESTIVALPASS<\/a>[\/vc_column_inner][vc_column_inner width=&#8221;1\/3&#8243;]<a  itemprop=\"url\" href=\"https:\/\/kulturbiljetter.se\/evenemang\/7378\/helkv%C3%A4ll-i-fi nland\/\" target=\"_blank\"  class=\"qbutton  big_large_full_width default\" style=\"\">HELKV\u00c4LL<\/a>[\/vc_column_inner][\/vc_row_inner][vc_empty_space height=&#8221;12px&#8221;][\/vc_column][vc_column width=&#8221;1\/2&#8243;][vc_single_image image=&#8221;1403&#8243; img_size=&#8221;full&#8221; css=&#8221;&#8221; qode_css_animation=&#8221;&#8221;][vc_empty_space height=&#8221;12px&#8221;][vc_single_image image=&#8221;1401&#8243; img_size=&#8221;full&#8221; css=&#8221;&#8221; qode_css_animation=&#8221;&#8221;][vc_empty_space height=&#8221;12px&#8221;][vc_single_image image=&#8221;1402&#8243; img_size=&#8221;full&#8221; css=&#8221;&#8221; qode_css_animation=&#8221;&#8221;][vc_empty_space height=&#8221;12px&#8221;][vc_video link=&#8221;https:\/\/www.youtube.com\/watch?v=mx5iTgT6b98&#8243; css=&#8221;&#8221;][vc_empty_space height=&#8221;12px&#8221;][\/vc_column][\/vc_row]<\/p>\n<\/div>","protected":false},"excerpt":{"rendered":"<p>[vc_row css_animation=&#8221;&#8221; row_type=&#8221;row&#8221; use_row_as_full_screen_section=&#8221;no&#8221; type=&#8221;full_width&#8221; angled_section=&#8221;no&#8221; text_align=&#8221;left&#8221; background_image_as_pattern=&#8221;without_pattern&#8221; css=&#8221;.vc_custom_1724839493573{padding-top: 40px !important;padding-right: 40px !important;padding-bottom: 40px !important;padding-left: 40px !important;background-color: #dc3ca9 !important;}&#8221; z_index=&#8221;&#8221; padding_top=&#8221;100&#8243;][vc_column width=&#8221;1\/2&#8243;][vc_column_text css=&#8221;&#8221;] Light, Light, Light Inari Niemi \/ Finland \/ 2023 \/ 91 min \/ Engelskt text Fredag 4 okt kl 19.30, Finlandsinstitutet Det&#8230;<\/p>\n","protected":false},"author":2,"featured_media":1403,"menu_order":0,"comment_status":"closed","ping_status":"closed","template":"","portfolio_category":[4],"portfolio_tag":[],"class_list":["post-1400","portfolio_page","type-portfolio_page","status-publish","has-post-thumbnail","hentry","portfolio_category-langfilmer"],"_links":{"self":[{"href":"https:\/\/cinemaqueer.se\/cq24\/wp-json\/wp\/v2\/portfolio_page\/1400","targetHints":{"allow":["GET"]}}],"collection":[{"href":"https:\/\/cinemaqueer.se\/cq24\/wp-json\/wp\/v2\/portfolio_page"}],"about":[{"href":"https:\/\/cinemaqueer.se\/cq24\/wp-json\/wp\/v2\/types\/portfolio_page"}],"author":[{"embeddable":true,"href":"https:\/\/cinemaqueer.se\/cq24\/wp-json\/wp\/v2\/users\/2"}],"replies":[{"embeddable":true,"href":"https:\/\/cinemaqueer.se\/cq24\/wp-json\/wp\/v2\/comments?post=1400"}],"wp:featuredmedia":[{"embeddable":true,"href":"https:\/\/cinemaqueer.se\/cq24\/wp-json\/wp\/v2\/media\/1403"}],"wp:attachment":[{"href":"https:\/\/cinemaqueer.se\/cq24\/wp-json\/wp\/v2\/media?parent=1400"}],"wp:term":[{"taxonomy":"portfolio_category","embeddable":true,"href":"https:\/\/cinemaqueer.se\/cq24\/wp-json\/wp\/v2\/portfolio_category?post=1400"},{"taxonomy":"portfolio_tag","embeddable":true,"href":"https:\/\/cinemaqueer.se\/cq24\/wp-json\/wp\/v2\/portfolio_tag?post=1400"}],"curies":[{"name":"wp","href":"https:\/\/api.w.org\/{rel}","templated":true}]}}

<div class="wpb-content-wrapper"><p>[vc_row css_animation=&#8221;&#8221; row_type=&#8221;row&#8221; use_row_as_full_screen_section=&#8221;no&#8221; type=&#8221;full_width&#8221; angled_section=&#8221;no&#8221; text_align=&#8221;left&#8221; background_image_as_pattern=&#8221;without_pattern&#8221; css=&#8221;.vc_custom_1724839493573{padding-top: 40px !important;padding-right: 40px !important;padding-bottom: 40px !important;padding-left: 40px !important;background-color: #dc3ca9 !important;}&#8221; z_index=&#8221;&#8221; padding_top=&#8221;100&#8243;][vc_column width=&#8221;1/2&#8243;][vc_column_text css=&#8221;&#8221;]</p>
<h2>Light, Light, Light</h2>
<p><strong>Inari Niemi / Finland / 2023 / 91 min / Engelskt text<br />
Fredag 4 okt kl 19.30, Finlandsinstitutet<br />
</strong></p>
<p><span style="font-weight: 400;">Det radioaktiva nedfallet regnar över Europa i ett färgsprakande, känslomässigt explosivt drama om två tonårstjejer som upplever sin första omvälvande förälskelse i 80-talets Finland.</span></p>
<p>&nbsp;</p>
<p><span style="font-weight: 400;">Våren 1986 exploderar kärnkraftverket i Chernobyl och oron sprider sig över världen. Samtidigt faller 15-åriga Mariia för Mimi, som nyss flyttat till den lilla byn i södra Finland. Tillsammans upplever de sin första himlastormande sommar av kärlek. Men radions illavarslande meddelanden om olyckan i Sovjet tycks smitta av sig på deras öde. Och när Mariia 20 år senare återvänder till hembyn ställs hon ansikte mot ansikte med sina smärtsamma minnen från den ödesdigra sommaren i mitten av 80-talet. Den finska regissören Inari Niemi skapar finkänslig coming-of-age och navigerar skickligt mellan Mariias solskensdränkta ungdom och hennes nutid, där sorgen tycks ha svalt allt ljus.</span>[/vc_column_text][vc_empty_space][vc_row_inner row_type=&#8221;row&#8221; type=&#8221;full_width&#8221; text_align=&#8221;left&#8221; css_animation=&#8221;&#8221;][vc_column_inner width=&#8221;1/3&#8243;]<a  itemprop="url" href="https://kulturbiljetter.se/evenemang/7351/light-light-light/" target="_blank"  class="qbutton  big_large_full_width default" style="">BILJETT</a>[/vc_column_inner][vc_column_inner width=&#8221;1/3&#8243;]<a  itemprop="url" href="https://kulturbiljetter.se/evenemang/7387/cinema-queer-festivalpass-30-sep-6-okt-2024/" target="_blank"  class="qbutton  big_large_full_width default" style="">FESTIVALPASS</a>[/vc_column_inner][vc_column_inner width=&#8221;1/3&#8243;]<a  itemprop="url" href="https://kulturbiljetter.se/evenemang/7378/helkv%C3%A4ll-i-fi nland/" target="_blank"  class="qbutton  big_large_full_width default" style="">HELKVÄLL</a>[/vc_column_inner][/vc_row_inner][vc_empty_space height=&#8221;12px&#8221;][/vc_column][vc_column width=&#8221;1/2&#8243;][vc_single_image image=&#8221;1403&#8243; img_size=&#8221;full&#8221; css=&#8221;&#8221; qode_css_animation=&#8221;&#8221;][vc_empty_space height=&#8221;12px&#8221;][vc_single_image image=&#8221;1401&#8243; img_size=&#8221;full&#8221; css=&#8221;&#8221; qode_css_animation=&#8221;&#8221;][vc_empty_space height=&#8221;12px&#8221;][vc_single_image image=&#8221;1402&#8243; img_size=&#8221;full&#8221; css=&#8221;&#8221; qode_css_animation=&#8221;&#8221;][vc_empty_space height=&#8221;12px&#8221;][vc_video link=&#8221;https://www.youtube.com/watch?v=mx5iTgT6b98&#8243; css=&#8221;&#8221;][vc_empty_space height=&#8221;12px&#8221;][/vc_column][/vc_row]</p>
</div>
