{"id":1535,"date":"2024-09-07T14:56:37","date_gmt":"2024-09-07T12:56:37","guid":{"rendered":"https:\/\/cinemaqueer.se\/cq24\/?post_type=portfolio_page&#038;p=1535"},"modified":"2024-09-09T13:27:54","modified_gmt":"2024-09-09T11:27:54","slug":"om-att-vara-i-sorg-samtal","status":"publish","type":"portfolio_page","link":"https:\/\/cinemaqueer.se\/cq24\/portfolio_page\/om-att-vara-i-sorg-samtal\/","title":{"rendered":"Om att vara i sorg + samtal"},"content":{"rendered":"<div class=\"wpb-content-wrapper\"><p>[vc_row css_animation=&#8221;&#8221; row_type=&#8221;row&#8221; use_row_as_full_screen_section=&#8221;no&#8221; type=&#8221;full_width&#8221; angled_section=&#8221;no&#8221; text_align=&#8221;left&#8221; background_image_as_pattern=&#8221;without_pattern&#8221; css=&#8221;.vc_custom_1724839493573{padding-top: 40px !important;padding-right: 40px !important;padding-bottom: 40px !important;padding-left: 40px !important;background-color: #dc3ca9 !important;}&#8221; z_index=&#8221;&#8221; padding_top=&#8221;100&#8243;][vc_column width=&#8221;1\/2&#8243;][vc_column_text css=&#8221;&#8221;]<\/p>\n<h1><b>Om att vara sorg + samtal<\/b><\/h1>\n<p><strong>S\u00f6ndag 5 okt kl 15.00, Kontr\u00e4r<br \/>\n<\/strong><strong>Vigo Roth \/ Sverige \/ 2024 \/ 27 min \/ svenskt tal<\/strong><\/p>\n<p><span style=\"font-weight: 400;\">\u201dOm att vara sorg\u201d \u00e4r en hybridfilm som unders\u00f6ker hur transcomunityts kollektiva sorg och lycka manifesteras inom communityt och i k\u00e4rleksrelationer. N\u00e4r Vigo ska g\u00f6ra en dokument\u00e4r om \u00e4mnet kan hen inte relatera till sorgen som m\u00e5nga transpersoner k\u00e4nner, men n\u00e4r hens flickv\u00e4n blir psykotisk s\u00e5 f\u00e5r hen veta vad sorg kan vara. Genom intervjuer, konsekvenser och dokument\u00e4ra bilder v\u00e4vs en ber\u00e4ttelse om hur sorg och lycka delas i n\u00e4ra relationer och i det kollektiva rummet.<\/span><\/p>\n<p>&nbsp;<\/p>\n<p><span style=\"font-weight: 400;\">Filmen f\u00f6ljs av ett samtal med regiss\u00f6ren Vigo Roth, Leolina Silkeberg, medverkande och Zafira Vrba Woodski moderator. H\u00e5lls p\u00e5 svenska.\u00a0\u00a0<\/span>[\/vc_column_text][vc_empty_space][vc_row_inner row_type=&#8221;row&#8221; type=&#8221;full_width&#8221; text_align=&#8221;left&#8221; css_animation=&#8221;&#8221;][vc_column_inner width=&#8221;1\/2&#8243;]<a  itemprop=\"url\" href=\"https:\/\/kulturbiljetter.se\/varukorg\/7370\/om-att-vara-sorg-samtal\/\" target=\"_blank\"  class=\"qbutton  big_large_full_width default\" style=\"\">BILJETT<\/a>[\/vc_column_inner][vc_column_inner width=&#8221;1\/2&#8243;]<a  itemprop=\"url\" href=\"https:\/\/kulturbiljetter.se\/evenemang\/7387\/cinema-queer-festivalpass-30-sep-6-okt-2024\/\" target=\"_blank\"  class=\"qbutton  big_large_full_width default\" style=\"\">K\u00d6P FESTIVALPASS<\/a>[\/vc_column_inner][\/vc_row_inner][vc_empty_space height=&#8221;12px&#8221;][\/vc_column][vc_column width=&#8221;1\/2&#8243;][vc_single_image image=&#8221;1540&#8243; img_size=&#8221;full&#8221; css=&#8221;&#8221; qode_css_animation=&#8221;&#8221;][vc_empty_space height=&#8221;12px&#8221;][vc_single_image image=&#8221;1539&#8243; img_size=&#8221;full&#8221; css=&#8221;&#8221; qode_css_animation=&#8221;&#8221;][vc_empty_space height=&#8221;12px&#8221;][vc_single_image image=&#8221;1541&#8243; img_size=&#8221;full&#8221; css=&#8221;&#8221; qode_css_animation=&#8221;&#8221;][vc_empty_space height=&#8221;12px&#8221;][\/vc_column][\/vc_row]<\/p>\n<\/div>","protected":false},"excerpt":{"rendered":"<p>[vc_row css_animation=&#8221;&#8221; row_type=&#8221;row&#8221; use_row_as_full_screen_section=&#8221;no&#8221; type=&#8221;full_width&#8221; angled_section=&#8221;no&#8221; text_align=&#8221;left&#8221; background_image_as_pattern=&#8221;without_pattern&#8221; css=&#8221;.vc_custom_1724839493573{padding-top: 40px !important;padding-right: 40px !important;padding-bottom: 40px !important;padding-left: 40px !important;background-color: #dc3ca9 !important;}&#8221; z_index=&#8221;&#8221; padding_top=&#8221;100&#8243;][vc_column width=&#8221;1\/2&#8243;][vc_column_text css=&#8221;&#8221;] Om att vara sorg + samtal S\u00f6ndag 5 okt kl 15.00, Kontr\u00e4r Vigo Roth \/ Sverige \/ 2024 \/ 27 min \/&#8230;<\/p>\n","protected":false},"author":2,"featured_media":1539,"menu_order":0,"comment_status":"closed","ping_status":"closed","template":"","portfolio_category":[3],"portfolio_tag":[],"class_list":["post-1535","portfolio_page","type-portfolio_page","status-publish","has-post-thumbnail","hentry","portfolio_category-kortfilmer"],"_links":{"self":[{"href":"https:\/\/cinemaqueer.se\/cq24\/wp-json\/wp\/v2\/portfolio_page\/1535","targetHints":{"allow":["GET"]}}],"collection":[{"href":"https:\/\/cinemaqueer.se\/cq24\/wp-json\/wp\/v2\/portfolio_page"}],"about":[{"href":"https:\/\/cinemaqueer.se\/cq24\/wp-json\/wp\/v2\/types\/portfolio_page"}],"author":[{"embeddable":true,"href":"https:\/\/cinemaqueer.se\/cq24\/wp-json\/wp\/v2\/users\/2"}],"replies":[{"embeddable":true,"href":"https:\/\/cinemaqueer.se\/cq24\/wp-json\/wp\/v2\/comments?post=1535"}],"wp:featuredmedia":[{"embeddable":true,"href":"https:\/\/cinemaqueer.se\/cq24\/wp-json\/wp\/v2\/media\/1539"}],"wp:attachment":[{"href":"https:\/\/cinemaqueer.se\/cq24\/wp-json\/wp\/v2\/media?parent=1535"}],"wp:term":[{"taxonomy":"portfolio_category","embeddable":true,"href":"https:\/\/cinemaqueer.se\/cq24\/wp-json\/wp\/v2\/portfolio_category?post=1535"},{"taxonomy":"portfolio_tag","embeddable":true,"href":"https:\/\/cinemaqueer.se\/cq24\/wp-json\/wp\/v2\/portfolio_tag?post=1535"}],"curies":[{"name":"wp","href":"https:\/\/api.w.org\/{rel}","templated":true}]}}

<div class="wpb-content-wrapper"><p>[vc_row css_animation=&#8221;&#8221; row_type=&#8221;row&#8221; use_row_as_full_screen_section=&#8221;no&#8221; type=&#8221;full_width&#8221; angled_section=&#8221;no&#8221; text_align=&#8221;left&#8221; background_image_as_pattern=&#8221;without_pattern&#8221; css=&#8221;.vc_custom_1724839493573{padding-top: 40px !important;padding-right: 40px !important;padding-bottom: 40px !important;padding-left: 40px !important;background-color: #dc3ca9 !important;}&#8221; z_index=&#8221;&#8221; padding_top=&#8221;100&#8243;][vc_column width=&#8221;1/2&#8243;][vc_column_text css=&#8221;&#8221;]</p>
<h1><b>Om att vara sorg + samtal</b></h1>
<p><strong>Söndag 5 okt kl 15.00, Konträr<br />
</strong><strong>Vigo Roth / Sverige / 2024 / 27 min / svenskt tal</strong></p>
<p><span style="font-weight: 400;">”Om att vara sorg” är en hybridfilm som undersöker hur transcomunityts kollektiva sorg och lycka manifesteras inom communityt och i kärleksrelationer. När Vigo ska göra en dokumentär om ämnet kan hen inte relatera till sorgen som många transpersoner känner, men när hens flickvän blir psykotisk så får hen veta vad sorg kan vara. Genom intervjuer, konsekvenser och dokumentära bilder vävs en berättelse om hur sorg och lycka delas i nära relationer och i det kollektiva rummet.</span></p>
<p>&nbsp;</p>
<p><span style="font-weight: 400;">Filmen följs av ett samtal med regissören Vigo Roth, Leolina Silkeberg, medverkande och Zafira Vrba Woodski moderator. Hålls på svenska.  </span>[/vc_column_text][vc_empty_space][vc_row_inner row_type=&#8221;row&#8221; type=&#8221;full_width&#8221; text_align=&#8221;left&#8221; css_animation=&#8221;&#8221;][vc_column_inner width=&#8221;1/2&#8243;]<a  itemprop="url" href="https://kulturbiljetter.se/varukorg/7370/om-att-vara-sorg-samtal/" target="_blank"  class="qbutton  big_large_full_width default" style="">BILJETT</a>[/vc_column_inner][vc_column_inner width=&#8221;1/2&#8243;]<a  itemprop="url" href="https://kulturbiljetter.se/evenemang/7387/cinema-queer-festivalpass-30-sep-6-okt-2024/" target="_blank"  class="qbutton  big_large_full_width default" style="">KÖP FESTIVALPASS</a>[/vc_column_inner][/vc_row_inner][vc_empty_space height=&#8221;12px&#8221;][/vc_column][vc_column width=&#8221;1/2&#8243;][vc_single_image image=&#8221;1540&#8243; img_size=&#8221;full&#8221; css=&#8221;&#8221; qode_css_animation=&#8221;&#8221;][vc_empty_space height=&#8221;12px&#8221;][vc_single_image image=&#8221;1539&#8243; img_size=&#8221;full&#8221; css=&#8221;&#8221; qode_css_animation=&#8221;&#8221;][vc_empty_space height=&#8221;12px&#8221;][vc_single_image image=&#8221;1541&#8243; img_size=&#8221;full&#8221; css=&#8221;&#8221; qode_css_animation=&#8221;&#8221;][vc_empty_space height=&#8221;12px&#8221;][/vc_column][/vc_row]</p>
</div>

<p>[vc_row css_animation=&#8221;&#8221; row_type=&#8221;row&#8221; use_row_as_full_screen_section=&#8221;no&#8221; type=&#8221;full_width&#8221; angled_section=&#8221;no&#8221; text_align=&#8221;left&#8221; background_image_as_pattern=&#8221;without_pattern&#8221; css=&#8221;.vc_custom_1724839493573{padding-top: 40px !important;padding-right: 40px !important;padding-bottom: 40px !important;padding-left: 40px !important;background-color: #dc3ca9 !important;}&#8221; z_index=&#8221;&#8221; padding_top=&#8221;100&#8243;][vc_column width=&#8221;1/2&#8243;][vc_column_text css=&#8221;&#8221;] Om att vara sorg + samtal Söndag 5 okt kl 15.00, Konträr Vigo Roth / Sverige / 2024 / 27 min /&#8230;</p>
