{"id":1549,"date":"2024-09-07T15:09:18","date_gmt":"2024-09-07T13:09:18","guid":{"rendered":"https:\/\/cinemaqueer.se\/cq24\/?post_type=portfolio_page&#038;p=1549"},"modified":"2024-09-25T10:39:35","modified_gmt":"2024-09-25T08:39:35","slug":"if-i-was-a-fruit","status":"publish","type":"portfolio_page","link":"https:\/\/cinemaqueer.se\/cq24\/portfolio_page\/if-i-was-a-fruit\/","title":{"rendered":"If I Was a Fruit"},"content":{"rendered":"<div class=\"wpb-content-wrapper\"><p>[vc_row css_animation=&#8221;&#8221; row_type=&#8221;row&#8221; use_row_as_full_screen_section=&#8221;no&#8221; type=&#8221;full_width&#8221; angled_section=&#8221;no&#8221; text_align=&#8221;left&#8221; background_image_as_pattern=&#8221;without_pattern&#8221; css=&#8221;.vc_custom_1724839493573{padding-top: 40px !important;padding-right: 40px !important;padding-bottom: 40px !important;padding-left: 40px !important;background-color: #dc3ca9 !important;}&#8221; z_index=&#8221;&#8221; padding_top=&#8221;100&#8243;][vc_column width=&#8221;1\/2&#8243;][vc_column_text css=&#8221;&#8221;]<\/p>\n<h1><b>If I Was a Fruit\u00a0<\/b><\/h1>\n<p><strong>P\u00e5 Kontr\u00e4r 1, 3, 5e oktober<\/strong><\/p>\n<p><strong>131 min.<br \/>\n<\/strong><span style=\"font-weight: 400;\">Filmerna utforskar det (o)begripliga. Spekulationer kring \u201com\u201d och \u201cmen\u201d i f\u00f6rest\u00e4llda verkligheter. H\u00e4rolder avsl\u00f6jar obekv\u00e4ma sanningar om den nuvarande kungens kl\u00e4dsel och den f\u00f6rre kungens fall\u2014absurda svar p\u00e5 fr\u00e5gor f\u00f6rankrade i whataboutismer. Dessa spekulativa tankebanor leder oss mot en skimrande h\u00e4gring, sammanv\u00e4vda i ett kortfilmsprogram med noggrant utvalda bidrag fr\u00e5n \u00e5rets open call.<\/span><\/p>\n<p>&nbsp;<\/p>\n<h3><span style=\"font-weight: 400;\">A body like mine<\/span><\/h3>\n<p><b><\/b><strong>Maja Classen \/ Tyskland \/ 2023 \/ 35 min \/ engelska, tyska<br \/>\n<\/strong><span style=\"font-weight: 400;\">Medan Puck v\u00e5gar g\u00f6ra vilda saker, som queer postpornografi och brottning, \u00e4r hennes skapare, konstn\u00e4ren, ofta os\u00e4ker och s\u00e5rbar. Puck \u00e4r ofta missf\u00f6rst\u00e5dd, d\u00f6md, fetischiserad. Som en stolt svart performanceartist iscens\u00e4tter Puck sig sj\u00e4lv i bilder och fantasier d\u00e4r kroppar som hennes har blivit f\u00f6rvisade. Genom samarbetet mellan regiss\u00f6ren Maja Classen och Puck gestaltas uppfriskande och okonventionella perspektiv p\u00e5 aktuella diskussioner om ras och k\u00f6n.<\/span><\/p>\n<p>&nbsp;<\/p>\n<h3><span style=\"font-weight: 400;\">Azul Pandora<\/span><\/h3>\n<p><b><\/b><strong>Alan Gonz\u00e1lez \/ Kuba \/ 2024 \/ 12 min \/ spanska<br \/>\n<\/strong><span style=\"font-weight: 400;\">Pandora, en 40-\u00e5rig transkvinna som bor i ett bostadsomr\u00e5de i Havanna, avvisar Roy, ton\u00e5ringen som f\u00f6rs\u00f6ker vinna hennes hj\u00e4rta. Medan hon tar hand om grannens barn f\u00e5r hon en obehaglig \u00f6verraskning som f\u00e5r henne att \u00f6verv\u00e4ga att ge Roy en chans.<\/span><\/p>\n<p>&nbsp;<\/p>\n<h3><span style=\"font-weight: 400;\">Cherry, Passion Fruit<\/span><\/h3>\n<p><strong>Renato Jos\u00e9 Duque \/ Portugal \/ 2023 \/ 5 min<br \/>\n<\/strong><span style=\"font-weight: 400;\">Naturen inneh\u00e5ller b\u00e5de det forsande vattenfallet och den f\u00f6rt\u00e4rande elden. I en mystisk regnskog tar lusten form mellan k\u00e4rlek och sm\u00e4rta. Skulle du v\u00e5ga m\u00f6ta ditt gripande beg\u00e4r?<\/span><\/p>\n<p>&nbsp;<\/p>\n<h3><span style=\"font-weight: 400;\">Du bist So Wunderbar (Paradise Europe)<\/span><\/h3>\n<p><strong>Leandro Goddinho, Paulo Menezes \/ Tyskland \/ 2023 \/ tyska, engelska, portugisiska<br \/>\n<\/strong><span style=\"font-weight: 400;\">P\u00e5 dagen d\u00e5 tusentals m\u00e4nniskor gick ut p\u00e5 gatorna f\u00f6r att protestera mot outh\u00e4rdliga hyror i Berlin och avskaffandet av hyrestakslagen, k\u00e4mpar en nyligen vr\u00e4kt gay brasiliansk invandrare f\u00f6r att hitta ett nytt rum medan hans personliga liv rasar samman, liksom staden omkring honom.<\/span><\/p>\n<p>&nbsp;<\/p>\n<h3><span style=\"font-weight: 400;\">Inhale<\/span><\/h3>\n<p><strong>Lagha Ghavam \/ 2024 \/ 7 min<br \/>\n<\/strong><em><span style=\"font-weight: 400;\">Mer information kommer&#8230;<\/span><\/em><\/p>\n<p>&nbsp;<\/p>\n<h3><span style=\"font-weight: 400;\">Pill Nation<\/span><\/h3>\n<p><strong>Bruno Tadeu \/ Brasilien \/ 2024 \/ 17 min \/ portugisiska<br \/>\n<\/strong><span style=\"font-weight: 400;\">Dante \u00e4r en gammal gayaktivist som v\u00e4grar att g\u00e5 i pension. Inf\u00f6r det oundvikliga slutet p\u00e5 sin varande best\u00e4mmer han sig f\u00f6r att f\u00f6rverkliga sina gamla planer p\u00e5 att \u00f6ppna det f\u00f6rsta HBTQIA+ \u00e4ldreboendet i Brasilien.<\/span><\/p>\n<p>&nbsp;<\/p>\n<h3><span style=\"font-weight: 400;\">Queer Exile<\/span><\/h3>\n<p><strong>Ahmed Awadalla \/ Tyskland \/ 2024 \/ 10 min \/ engelska<br \/>\n<\/strong><span style=\"font-weight: 400;\">Efter att ha flytt fr\u00e5n Egypten i k\u00f6lvattnet av revolutionen 2011 s\u00f6ker en aktivist skydd i Berlin med l\u00e4ngtar efter en ny start och ett l\u00f6fte om s\u00e4kerhet och frihet. N\u00e4r han reflekterar \u00f6ver sitt f\u00f6rflutna och funderar p\u00e5 sin framtid, konfronterar han djupa fr\u00e5gor om tillh\u00f6righet, uppoffring och den verkliga inneb\u00f6rden av frihet.<\/span><\/p>\n<p>&nbsp;<\/p>\n<h3><strong>Utop\u00eda<\/strong><\/h3>\n<p><strong>Rub\u00e9n Fabbri \/ Mexiko \/ 2024 \/ 7 min<br \/>\n<\/strong><span style=\"font-weight: 400;\">Utopia \u00e4r en utforskning av en omformulering av den erotiska kroppen och dekonstruktioner av gaysex. Den fokuserar p\u00e5 den homosexuella sexualitetens \u00f6gonblick, och plockar is\u00e4r, direkt och kanoniskt, den estetik som p\u00e5tvingats av gayporr.<\/span><\/p>\n<p>&nbsp;<\/p>\n<h3><span style=\"font-weight: 400;\">Where the wild Frangipanis grow<\/span><\/h3>\n<p><strong>Nirartha Bas Diwangkara \/ Indonesien \/ 15 min \/ 2023 \/ indonesiska<br \/>\n<\/strong><span style=\"font-weight: 400;\">Aditya, en ung personlig assistent i ett v\u00e4lk\u00e4nt hinduiskt ashrama till en karismatisk andlig ledare, blir kluven n\u00e4r han utvecklar romantiska k\u00e4nslor f\u00f6r en ny, oskyldig rekryt vid namn Chandra och inser att hans Guru ocks\u00e5 har utvecklat en stark attraktion till den nya l\u00e4rlingen.<\/span>[\/vc_column_text][vc_empty_space][vc_row_inner row_type=&#8221;row&#8221; type=&#8221;full_width&#8221; text_align=&#8221;left&#8221; css_animation=&#8221;&#8221;][vc_column_inner width=&#8221;1\/2&#8243;]<a  itemprop=\"url\" href=\"https:\/\/kulturbiljetter.se\/evenemang\/7387\/cinema-queer-festivalpass-30-sep-6-okt-2024\/\" target=\"_blank\"  class=\"qbutton  big_large_full_width default\" style=\"\">K\u00d6P FESTIVALPASS<\/a>[\/vc_column_inner][vc_column_inner width=&#8221;1\/2&#8243;][\/vc_column_inner][\/vc_row_inner][vc_empty_space height=&#8221;12px&#8221;][\/vc_column][vc_column width=&#8221;1\/2&#8243;][vc_single_image image=&#8221;1543&#8243; img_size=&#8221;full&#8221; css=&#8221;&#8221; qode_css_animation=&#8221;&#8221;][vc_empty_space height=&#8221;12px&#8221;][\/vc_column][\/vc_row]<\/p>\n<\/div>","protected":false},"excerpt":{"rendered":"<p>[vc_row css_animation=&#8221;&#8221; row_type=&#8221;row&#8221; use_row_as_full_screen_section=&#8221;no&#8221; type=&#8221;full_width&#8221; angled_section=&#8221;no&#8221; text_align=&#8221;left&#8221; background_image_as_pattern=&#8221;without_pattern&#8221; css=&#8221;.vc_custom_1724839493573{padding-top: 40px !important;padding-right: 40px !important;padding-bottom: 40px !important;padding-left: 40px !important;background-color: #dc3ca9 !important;}&#8221; z_index=&#8221;&#8221; padding_top=&#8221;100&#8243;][vc_column width=&#8221;1\/2&#8243;][vc_column_text css=&#8221;&#8221;] If I Was a Fruit\u00a0 P\u00e5 Kontr\u00e4r 1, 3, 5e oktober 131 min. Filmerna utforskar det (o)begripliga. Spekulationer kring \u201com\u201d och \u201cmen\u201d&#8230;<\/p>\n","protected":false},"author":2,"featured_media":1543,"menu_order":0,"comment_status":"closed","ping_status":"closed","template":"","portfolio_category":[3],"portfolio_tag":[],"class_list":["post-1549","portfolio_page","type-portfolio_page","status-publish","has-post-thumbnail","hentry","portfolio_category-kortfilmer"],"_links":{"self":[{"href":"https:\/\/cinemaqueer.se\/cq24\/wp-json\/wp\/v2\/portfolio_page\/1549","targetHints":{"allow":["GET"]}}],"collection":[{"href":"https:\/\/cinemaqueer.se\/cq24\/wp-json\/wp\/v2\/portfolio_page"}],"about":[{"href":"https:\/\/cinemaqueer.se\/cq24\/wp-json\/wp\/v2\/types\/portfolio_page"}],"author":[{"embeddable":true,"href":"https:\/\/cinemaqueer.se\/cq24\/wp-json\/wp\/v2\/users\/2"}],"replies":[{"embeddable":true,"href":"https:\/\/cinemaqueer.se\/cq24\/wp-json\/wp\/v2\/comments?post=1549"}],"wp:featuredmedia":[{"embeddable":true,"href":"https:\/\/cinemaqueer.se\/cq24\/wp-json\/wp\/v2\/media\/1543"}],"wp:attachment":[{"href":"https:\/\/cinemaqueer.se\/cq24\/wp-json\/wp\/v2\/media?parent=1549"}],"wp:term":[{"taxonomy":"portfolio_category","embeddable":true,"href":"https:\/\/cinemaqueer.se\/cq24\/wp-json\/wp\/v2\/portfolio_category?post=1549"},{"taxonomy":"portfolio_tag","embeddable":true,"href":"https:\/\/cinemaqueer.se\/cq24\/wp-json\/wp\/v2\/portfolio_tag?post=1549"}],"curies":[{"name":"wp","href":"https:\/\/api.w.org\/{rel}","templated":true}]}}

<div class="wpb-content-wrapper"><p>[vc_row css_animation=&#8221;&#8221; row_type=&#8221;row&#8221; use_row_as_full_screen_section=&#8221;no&#8221; type=&#8221;full_width&#8221; angled_section=&#8221;no&#8221; text_align=&#8221;left&#8221; background_image_as_pattern=&#8221;without_pattern&#8221; css=&#8221;.vc_custom_1724839493573{padding-top: 40px !important;padding-right: 40px !important;padding-bottom: 40px !important;padding-left: 40px !important;background-color: #dc3ca9 !important;}&#8221; z_index=&#8221;&#8221; padding_top=&#8221;100&#8243;][vc_column width=&#8221;1/2&#8243;][vc_column_text css=&#8221;&#8221;]</p>
<h1><b>If I Was a Fruit </b></h1>
<p><strong>På Konträr 1, 3, 5e oktober</strong></p>
<p><strong>131 min.<br />
</strong><span style="font-weight: 400;">Filmerna utforskar det (o)begripliga. Spekulationer kring “om” och “men” i föreställda verkligheter. Härolder avslöjar obekväma sanningar om den nuvarande kungens klädsel och den förre kungens fall—absurda svar på frågor förankrade i whataboutismer. Dessa spekulativa tankebanor leder oss mot en skimrande hägring, sammanvävda i ett kortfilmsprogram med noggrant utvalda bidrag från årets open call.</span></p>
<p>&nbsp;</p>
<h3><span style="font-weight: 400;">A body like mine</span></h3>
<p><b></b><strong>Maja Classen / Tyskland / 2023 / 35 min / engelska, tyska<br />
</strong><span style="font-weight: 400;">Medan Puck vågar göra vilda saker, som queer postpornografi och brottning, är hennes skapare, konstnären, ofta osäker och sårbar. Puck är ofta missförstådd, dömd, fetischiserad. Som en stolt svart performanceartist iscensätter Puck sig själv i bilder och fantasier där kroppar som hennes har blivit förvisade. Genom samarbetet mellan regissören Maja Classen och Puck gestaltas uppfriskande och okonventionella perspektiv på aktuella diskussioner om ras och kön.</span></p>
<p>&nbsp;</p>
<h3><span style="font-weight: 400;">Azul Pandora</span></h3>
<p><b></b><strong>Alan González / Kuba / 2024 / 12 min / spanska<br />
</strong><span style="font-weight: 400;">Pandora, en 40-årig transkvinna som bor i ett bostadsområde i Havanna, avvisar Roy, tonåringen som försöker vinna hennes hjärta. Medan hon tar hand om grannens barn får hon en obehaglig överraskning som får henne att överväga att ge Roy en chans.</span></p>
<p>&nbsp;</p>
<h3><span style="font-weight: 400;">Cherry, Passion Fruit</span></h3>
<p><strong>Renato José Duque / Portugal / 2023 / 5 min<br />
</strong><span style="font-weight: 400;">Naturen innehåller både det forsande vattenfallet och den förtärande elden. I en mystisk regnskog tar lusten form mellan kärlek och smärta. Skulle du våga möta ditt gripande begär?</span></p>
<p>&nbsp;</p>
<h3><span style="font-weight: 400;">Du bist So Wunderbar (Paradise Europe)</span></h3>
<p><strong>Leandro Goddinho, Paulo Menezes / Tyskland / 2023 / tyska, engelska, portugisiska<br />
</strong><span style="font-weight: 400;">På dagen då tusentals människor gick ut på gatorna för att protestera mot outhärdliga hyror i Berlin och avskaffandet av hyrestakslagen, kämpar en nyligen vräkt gay brasiliansk invandrare för att hitta ett nytt rum medan hans personliga liv rasar samman, liksom staden omkring honom.</span></p>
<p>&nbsp;</p>
<h3><span style="font-weight: 400;">Inhale</span></h3>
<p><strong>Lagha Ghavam / 2024 / 7 min<br />
</strong><em><span style="font-weight: 400;">Mer information kommer&#8230;</span></em></p>
<p>&nbsp;</p>
<h3><span style="font-weight: 400;">Pill Nation</span></h3>
<p><strong>Bruno Tadeu / Brasilien / 2024 / 17 min / portugisiska<br />
</strong><span style="font-weight: 400;">Dante är en gammal gayaktivist som vägrar att gå i pension. Inför det oundvikliga slutet på sin varande bestämmer han sig för att förverkliga sina gamla planer på att öppna det första HBTQIA+ äldreboendet i Brasilien.</span></p>
<p>&nbsp;</p>
<h3><span style="font-weight: 400;">Queer Exile</span></h3>
<p><strong>Ahmed Awadalla / Tyskland / 2024 / 10 min / engelska<br />
</strong><span style="font-weight: 400;">Efter att ha flytt från Egypten i kölvattnet av revolutionen 2011 söker en aktivist skydd i Berlin med längtar efter en ny start och ett löfte om säkerhet och frihet. När han reflekterar över sitt förflutna och funderar på sin framtid, konfronterar han djupa frågor om tillhörighet, uppoffring och den verkliga innebörden av frihet.</span></p>
<p>&nbsp;</p>
<h3><strong>Utopía</strong></h3>
<p><strong>Rubén Fabbri / Mexiko / 2024 / 7 min<br />
</strong><span style="font-weight: 400;">Utopia är en utforskning av en omformulering av den erotiska kroppen och dekonstruktioner av gaysex. Den fokuserar på den homosexuella sexualitetens ögonblick, och plockar isär, direkt och kanoniskt, den estetik som påtvingats av gayporr.</span></p>
<p>&nbsp;</p>
<h3><span style="font-weight: 400;">Where the wild Frangipanis grow</span></h3>
<p><strong>Nirartha Bas Diwangkara / Indonesien / 15 min / 2023 / indonesiska<br />
</strong><span style="font-weight: 400;">Aditya, en ung personlig assistent i ett välkänt hinduiskt ashrama till en karismatisk andlig ledare, blir kluven när han utvecklar romantiska känslor för en ny, oskyldig rekryt vid namn Chandra och inser att hans Guru också har utvecklat en stark attraktion till den nya lärlingen.</span>[/vc_column_text][vc_empty_space][vc_row_inner row_type=&#8221;row&#8221; type=&#8221;full_width&#8221; text_align=&#8221;left&#8221; css_animation=&#8221;&#8221;][vc_column_inner width=&#8221;1/2&#8243;]<a  itemprop="url" href="https://kulturbiljetter.se/evenemang/7387/cinema-queer-festivalpass-30-sep-6-okt-2024/" target="_blank"  class="qbutton  big_large_full_width default" style="">KÖP FESTIVALPASS</a>[/vc_column_inner][vc_column_inner width=&#8221;1/2&#8243;][/vc_column_inner][/vc_row_inner][vc_empty_space height=&#8221;12px&#8221;][/vc_column][vc_column width=&#8221;1/2&#8243;][vc_single_image image=&#8221;1543&#8243; img_size=&#8221;full&#8221; css=&#8221;&#8221; qode_css_animation=&#8221;&#8221;][vc_empty_space height=&#8221;12px&#8221;][/vc_column][/vc_row]</p>
</div>

<p>[vc_row css_animation=&#8221;&#8221; row_type=&#8221;row&#8221; use_row_as_full_screen_section=&#8221;no&#8221; type=&#8221;full_width&#8221; angled_section=&#8221;no&#8221; text_align=&#8221;left&#8221; background_image_as_pattern=&#8221;without_pattern&#8221; css=&#8221;.vc_custom_1724839493573{padding-top: 40px !important;padding-right: 40px !important;padding-bottom: 40px !important;padding-left: 40px !important;background-color: #dc3ca9 !important;}&#8221; z_index=&#8221;&#8221; padding_top=&#8221;100&#8243;][vc_column width=&#8221;1/2&#8243;][vc_column_text css=&#8221;&#8221;] If I Was a Fruit  På Konträr 1, 3, 5e oktober 131 min. Filmerna utforskar det (o)begripliga. Spekulationer kring “om” och “men”&#8230;</p>
