{"id":1614,"date":"2024-09-08T18:59:20","date_gmt":"2024-09-08T16:59:20","guid":{"rendered":"https:\/\/cinemaqueer.se\/cq24\/?post_type=portfolio_page&#038;p=1614"},"modified":"2024-09-10T12:12:01","modified_gmt":"2024-09-10T10:12:01","slug":"konstnarssamtal-nattsvart-verkstad","status":"publish","type":"portfolio_page","link":"https:\/\/cinemaqueer.se\/cq24\/portfolio_page\/konstnarssamtal-nattsvart-verkstad\/","title":{"rendered":"Konstn\u00e4rssamtal: Nattsvart Verkstad"},"content":{"rendered":"<div class=\"wpb-content-wrapper\"><p>[vc_row css_animation=&#8221;&#8221; row_type=&#8221;row&#8221; use_row_as_full_screen_section=&#8221;no&#8221; type=&#8221;full_width&#8221; angled_section=&#8221;no&#8221; text_align=&#8221;left&#8221; background_image_as_pattern=&#8221;without_pattern&#8221; z_index=&#8221;&#8221; padding_top=&#8221;100&#8243; css=&#8221;.vc_custom_1724838972368{padding-top: 40px !important;padding-right: 40px !important;padding-bottom: 40px !important;padding-left: 40px !important;background-color: #dc3ca9 !important;}&#8221;][vc_column width=&#8221;1\/2&#8243;][vc_column_text css=&#8221;&#8221;]<\/p>\n<h2><b>Konstn\u00e4rssamtal: Nattsvart Verkstad<\/b><\/h2>\n<p><strong>Tisdag 1 oktober kl 17:00, Kontr\u00e4r<\/strong><br \/>\nLyssna p\u00e5 ett panelsamtal om utst\u00e4llningen som visar konst av f\u00e4ngslade antifascister och anarkister fr\u00e5n hela v\u00e4rlden. Medlemmar fr\u00e5n Nattsvart Verkstad, ett revolution\u00e4rt anarkistiskt kollektiv i Stockholm, diskuterar hur konst fungerar som ett motst\u00e5ndsverktyg, och kollektivets engagemang f\u00f6r solidaritet, autonomi och \u00f6msesidig hj\u00e4lp, mot kapitalism, polis och v\u00e4sterl\u00e4ndsk vit kultur.[\/vc_column_text][vc_empty_space][vc_row_inner row_type=&#8221;row&#8221; type=&#8221;full_width&#8221; text_align=&#8221;left&#8221; css_animation=&#8221;&#8221;][vc_column_inner]<a  itemprop=\"url\" href=\"https:\/\/kulturbiljetter.se\/evenemang\/7387\/cinema-queer-festivalpass-30-sep-6-okt-2024\/\" target=\"_blank\"  class=\"qbutton  big_large_full_width default\" style=\"\">FESTIVALPASS<\/a>[\/vc_column_inner][\/vc_row_inner][vc_empty_space height=&#8221;12px&#8221;][\/vc_column][vc_column width=&#8221;1\/2&#8243;][vc_single_image image=&#8221;1693&#8243; img_size=&#8221;full&#8221; css=&#8221;&#8221; qode_css_animation=&#8221;&#8221;][vc_empty_space height=&#8221;12px&#8221;][vc_empty_space height=&#8221;12px&#8221;][\/vc_column][\/vc_row]<\/p>\n<\/div>","protected":false},"excerpt":{"rendered":"<p>[vc_row css_animation=&#8221;&#8221; row_type=&#8221;row&#8221; use_row_as_full_screen_section=&#8221;no&#8221; type=&#8221;full_width&#8221; angled_section=&#8221;no&#8221; text_align=&#8221;left&#8221; background_image_as_pattern=&#8221;without_pattern&#8221; z_index=&#8221;&#8221; padding_top=&#8221;100&#8243; css=&#8221;.vc_custom_1724838972368{padding-top: 40px !important;padding-right: 40px !important;padding-bottom: 40px !important;padding-left: 40px !important;background-color: #dc3ca9 !important;}&#8221;][vc_column width=&#8221;1\/2&#8243;][vc_column_text css=&#8221;&#8221;] Konstn\u00e4rssamtal: Nattsvart Verkstad Tisdag 1 oktober kl 17:00, Kontr\u00e4r Lyssna p\u00e5 ett panelsamtal om utst\u00e4llningen som visar konst av f\u00e4ngslade antifascister och&#8230;<\/p>\n","protected":false},"author":2,"featured_media":1693,"menu_order":0,"comment_status":"closed","ping_status":"closed","template":"","portfolio_category":[5],"portfolio_tag":[],"class_list":["post-1614","portfolio_page","type-portfolio_page","status-publish","has-post-thumbnail","hentry","portfolio_category-akter"],"_links":{"self":[{"href":"https:\/\/cinemaqueer.se\/cq24\/wp-json\/wp\/v2\/portfolio_page\/1614","targetHints":{"allow":["GET"]}}],"collection":[{"href":"https:\/\/cinemaqueer.se\/cq24\/wp-json\/wp\/v2\/portfolio_page"}],"about":[{"href":"https:\/\/cinemaqueer.se\/cq24\/wp-json\/wp\/v2\/types\/portfolio_page"}],"author":[{"embeddable":true,"href":"https:\/\/cinemaqueer.se\/cq24\/wp-json\/wp\/v2\/users\/2"}],"replies":[{"embeddable":true,"href":"https:\/\/cinemaqueer.se\/cq24\/wp-json\/wp\/v2\/comments?post=1614"}],"wp:featuredmedia":[{"embeddable":true,"href":"https:\/\/cinemaqueer.se\/cq24\/wp-json\/wp\/v2\/media\/1693"}],"wp:attachment":[{"href":"https:\/\/cinemaqueer.se\/cq24\/wp-json\/wp\/v2\/media?parent=1614"}],"wp:term":[{"taxonomy":"portfolio_category","embeddable":true,"href":"https:\/\/cinemaqueer.se\/cq24\/wp-json\/wp\/v2\/portfolio_category?post=1614"},{"taxonomy":"portfolio_tag","embeddable":true,"href":"https:\/\/cinemaqueer.se\/cq24\/wp-json\/wp\/v2\/portfolio_tag?post=1614"}],"curies":[{"name":"wp","href":"https:\/\/api.w.org\/{rel}","templated":true}]}}

Konstnärssamtal: Nattsvart Verkstad

<div class="wpb-content-wrapper"><p>[vc_row css_animation=&#8221;&#8221; row_type=&#8221;row&#8221; use_row_as_full_screen_section=&#8221;no&#8221; type=&#8221;full_width&#8221; angled_section=&#8221;no&#8221; text_align=&#8221;left&#8221; background_image_as_pattern=&#8221;without_pattern&#8221; z_index=&#8221;&#8221; padding_top=&#8221;100&#8243; css=&#8221;.vc_custom_1724838972368{padding-top: 40px !important;padding-right: 40px !important;padding-bottom: 40px !important;padding-left: 40px !important;background-color: #dc3ca9 !important;}&#8221;][vc_column width=&#8221;1/2&#8243;][vc_column_text css=&#8221;&#8221;]</p>
<h2><b>Konstnärssamtal: Nattsvart Verkstad</b></h2>
<p><strong>Tisdag 1 oktober kl 17:00, Konträr</strong><br />
Lyssna på ett panelsamtal om utställningen som visar konst av fängslade antifascister och anarkister från hela världen. Medlemmar från Nattsvart Verkstad, ett revolutionärt anarkistiskt kollektiv i Stockholm, diskuterar hur konst fungerar som ett motståndsverktyg, och kollektivets engagemang för solidaritet, autonomi och ömsesidig hjälp, mot kapitalism, polis och västerländsk vit kultur.[/vc_column_text][vc_empty_space][vc_row_inner row_type=&#8221;row&#8221; type=&#8221;full_width&#8221; text_align=&#8221;left&#8221; css_animation=&#8221;&#8221;][vc_column_inner]<a  itemprop="url" href="https://kulturbiljetter.se/evenemang/7387/cinema-queer-festivalpass-30-sep-6-okt-2024/" target="_blank"  class="qbutton  big_large_full_width default" style="">FESTIVALPASS</a>[/vc_column_inner][/vc_row_inner][vc_empty_space height=&#8221;12px&#8221;][/vc_column][vc_column width=&#8221;1/2&#8243;][vc_single_image image=&#8221;1693&#8243; img_size=&#8221;full&#8221; css=&#8221;&#8221; qode_css_animation=&#8221;&#8221;][vc_empty_space height=&#8221;12px&#8221;][vc_empty_space height=&#8221;12px&#8221;][/vc_column][/vc_row]</p>
</div>

<p>[vc_row css_animation=&#8221;&#8221; row_type=&#8221;row&#8221; use_row_as_full_screen_section=&#8221;no&#8221; type=&#8221;full_width&#8221; angled_section=&#8221;no&#8221; text_align=&#8221;left&#8221; background_image_as_pattern=&#8221;without_pattern&#8221; z_index=&#8221;&#8221; padding_top=&#8221;100&#8243; css=&#8221;.vc_custom_1724838972368{padding-top: 40px !important;padding-right: 40px !important;padding-bottom: 40px !important;padding-left: 40px !important;background-color: #dc3ca9 !important;}&#8221;][vc_column width=&#8221;1/2&#8243;][vc_column_text css=&#8221;&#8221;] Konstnärssamtal: Nattsvart Verkstad Tisdag 1 oktober kl 17:00, Konträr Lyssna på ett panelsamtal om utställningen som visar konst av fängslade antifascister och&#8230;</p>
